f 855277?
8
What is the ten thousands digit of 847515?
4
What is the units digit of 298280?
0
What is the tens digit of 22062004?
0
What is the hundreds digit of 572248?
2
What is the hundreds digit of 2074334?
3
What is the tens digit of 1293227?
2
What is the units digit of 1375831?
1
What is the hundreds digit of 1146195?
1
What is the hundred thousands digit of 3066581?
0
What is the thousands digit of 2162392?
2
What is the ten thousands digit of 788566?
8
What is the hundreds digit of 134231?
2
What is the ten thousands digit of 532570?
3
What is the thousands digit of 548552?
8
What is the hundreds digit of 19545?
5
What is the units digit of 138130?
0
What is the thousands digit of 812334?
2
What is the tens digit of 61262?
6
What is the millions digit of 4930915?
4
What is the ten millions digit of 23747488?
2
What is the ten thousands digit of 8659895?
5
What is the hundreds digit of 7869911?
9
What is the hundred thousands digit of 2023929?
0
What is the hundred thousands digit of 10831300?
8
What is the thousands digit of 222535?
2
What is the hundreds digit of 19244686?
6
What is the hundreds digit of 501713?
7
What is the hundreds digit of 14155927?
9
What is the units digit of 106330?
0
What is the hundred thousands digit of 1206485?
2
What is the tens digit of 323355?
5
What is the thousands digit of 556098?
6
What is the units digit of 3972225?
5
What is the hundreds digit of 76898?
8
What is the thousands digit of 4560901?
0
What is the units digit of 373504?
4
What is the ten thousands digit of 180624?
8
What is the units digit of 424767?
7
What is the ten thousands digit of 1812968?
1
What is the hundreds digit of 9023765?
7
What is the hundreds digit of 85562?
5
What is the hundreds digit of 2987770?
7
What is the tens digit of 249865?
6
What is the thousands digit of 46765?
6
What is the millions digit of 1964788?
1
What is the tens digit of 423354?
5
What is the ten thousands digit of 2403468?
0
What is the thousands digit of 496493?
6
What is the tens digit of 9247?
4
What is the units digit of 190892?
2
What is the hundred thousands digit of 431987?
4
What is the units digit of 191281?
1
What is the units digit of 10322071?
1
What is the thousands digit of 1486848?
6
What is the thousands digit of 11036254?
6
What is the ten thousands digit of 279134?
7
What is the tens digit of 452800?
0
What is the units digit of 991916?
6
What is the ten millions digit of 27524345?
2
What is the hundred thousands digit of 5995953?
9
What is the units digit of 550056?
6
What is the tens digit of 185931?
3
What is the hundred thousands digit of 9258821?
2
What is the tens digit of 41838?
3
What is the ten thousands digit of 5640029?
4
What is the thousands digit of 11889085?
9
What is the units digit of 119730?
0
What is the thousands digit of 2758379?
8
What is the ten thousands digit of 2761811?
6
What is the hundreds digit of 20744240?
2
What is the millions digit of 2852538?
2
What is the thousands digit of 262938?
2
What is the hundreds digit of 7242227?
2
What is the ten thousands digit of 129254?
2
What is the hundreds digit of 1835971?
9
What is the tens digit of 4494738?
3
What is the tens digit of 4687313?
1
What is the millions digit of 5972420?
5
What is the millions digit of 8384657?
8
What is the millions digit of 9490361?
9
What is the hundred thousands digit of 8538028?
5
What is the hundred thousands digit of 2745151?
7
What is the tens digit of 1323809?
0
What is the tens digit of 14648409?
0
What is the hundreds digit of 1300047?
0
What is the hundred thousands digit of 185993?
1
What is the thousands digit of 37374339?
4
What is the thousands digit of 762091?
2
What is the hundred thousands digit of 11219754?
2
What is the ten thousands digit of 1236428?
3
What is the hundred thousands digit of 155750?
1
What is the units digit of 503773?
3
What is the hundreds digit of 30263043?
0
What is the units digit of 1990235?
5
What is the thousands digit of 590594?
0
What is the ten thousands digit of 370984?
7
What is the units digit of 40352?
2
What is the hundreds digit of 32936?
9
What is the thousands digit of 617026?
7
What is the units digit of 17141728?
8
What is the hundreds digit of 277410?
4
What is the ten thousands digit of 459727?
5
What is the hundred thousands digit of 2168898?
1
What is the millions digit of 8428752?
8
What is the ten thousands digit of 162281?
6
What is the hundreds digit of 137307?
3
What is the units digit of 7018463?
3
What is the thousands digit of 523623?
3
What is the millions digit of 10640082?
0
What is the hundred thousands digit of 13235528?
2
What is the hundreds digit of 43146?
1
What is the hundred thousands digit of 155958?
1
What is the tens digit of 292584?
8
What is the ten thousands digit of 561202?
6
What is the ten thousands digit of 5799250?
9
What is the thousands digit of 136586?
6
What is the ten thousands digit of 1199718?
9
What is the hundreds digit of 1075078?
0
What is the millions digit of 1234926?
1
What is the millions digit of 6439956?
6
What is the hundreds digit of 207645?
6
What is the tens digit of 70727?
2
What is the millions digit of 12116331?
2
What is the thousands digit of 881011?
1
What is the units digit of 695486?
6
What is the ten thousands digit of 167617?
6
What is the units digit of 233371?
1
What is the millions digit of 1592929?
1
What is the units digit of 70507?
7
What is the hundred thousands digit of 3398661?
3
What is the tens digit of 1071417?
1
What is the ten millions digit of 14945201?
1
What is the millions digit of 4323559?
4
What is the ten thousands digit of 7311970?
1
What is the units digit of 771663?
3
What is the hundred thousands digit of 3878158?
8
What is the tens digit of 259936?
3
What is the hundred thousands digit of 431975?
4
What is the ten thousands digit of 318410?
1
What is the hundred thousands digit of 9566033?
5
What is the hundred thousands digit of 217394?
2
What is the units digit of 896259?
9
What is the hundred thousands digit of 5242803?
2
What is the ten thousands digit of 42612096?
1
What is the tens digit of 14665?
6
What is the tens digit of 434127?
2
What is the ten thousands digit of 21069335?
6
What is the ten thousands digit of 146676?
4
What is the tens digit of 1240226?
2
What is the millions digit of 1607064?
1
What is the hundreds digit of 5347156?
1
What is the units digit of 1906173?
3
What is the hundreds digit of 154641?
6
What is the ten thousands digit of 878586?
7
What is the tens digit of 2802537?
3
What is the hundreds digit of 507418?
4
What is the millions digit of 6959161?
6
What is the tens digit of 5751833?
3
What is the thousands digit of 38483?
8
What is the tens digit of 3757586?
8
What is the hundreds digit of 103252?
2
What is the hundreds digit of 8735420?
4
What is the hundreds digit of 5111225?
2
What is the hundred thousands digit of 6612568?
6
What is the ten thousands digit of 3609718?
0
What is the thousands digit of 356994?
6
What is the hundred thousands digit of 731843?
7
What is the units digit of 2792347?
7
What is the thousands digit of 44691?
4
What is the units digit of 110574?
4
What is the millions digit of 1105122?
1
What is the hundred thousands digit of 193504?
1
What is the thousands digit of 3677652?
7
What is the tens digit of 178102?
0
What is the hundred thousands digit of 601557?
6
What is the hundred thousands digit of 7375654?
3
What is the hundreds digit of 78638?
6
What is the units digit of 168009?
9
What is the hundreds digit of 4550122?
1
What is the tens digit of 20163470?
7
What is the hundred thousands digit of 14069573?
0
What is the thousands digit of 26503?
6
What is the ten thousands digit of 1883927?
8
What is the hundred thousands digit of 3843691?
8
What is the tens digit of 112044?
4
What is the tens digit of 935029?
2
What is the hundred thousands digit of 1432946?
4
What is the millions digit of 31012153?
1
What is the tens digit of 3539622?
2
What is the thousands digit of 1140393?
0
What is the tens digit of 561706?
0
What is the hundreds digit of 244651?
6
What is the thousands digit of 5879742?
9
What is the millions digit of 1002277?
1
What is the units digit of 102297?
7
What is the ten thousands digit of 178133?
